 + 430*t = 434*t + 222170. What is the tens digit of w?
4
Let g(j) be the first derivative of -159*j**4/4 + j**3/3 - j - 7. Let h be g(-1). Suppose -t + o + 36 = 0, t - 5*t = -o - h. What is the tens digit of t?
4
Suppose 0 = -44*b + 53*b - 58716. What is the hundreds digit of b?
5
Let o(w) = -w**3 - 9*w**2 + 5*w - 10. Let m be o(-10). Suppose 605 = 4*j + 33. Let v = j - m. What is the tens digit of v?
0
Suppose 0 = 2*t - 5*w - 18510, 2*t - 3*w = 12025 + 6469. What is the units digit of t?
5
Let n(y) be the second derivative of y**4 + 8*y**3/3 + 22*y**2 + 2*y - 49. What is the tens digit of n(-6)?
8
Let u(k) = 3*k**2 - 20*k - 7. Let y be u(7). Let h be (y - 0)/((-20)/10). What is the tens digit of 93 + (-4 - (h - 5))?
9
Let a be (3/4)/(6/(-48)). Let z be ((-2)/(-3))/(a/(-243)). Suppose -4*r + z = -2*h + 69, h - r - 20 = 0. What is the units digit of h?
9
Let x be ((-144)/56)/(3/(-28)). Suppose 3*o + 3 = i + x, -5*o = 4*i + 50. What is the units digit of (-82)/(-5) - (-6)/i?
6
Let v = 228 - 224. Suppose 4*o = -t + 817, -t + 6*t - 4165 = -v*o. What is the units digit of t?
7
Let u = 2115 + 4030. What is the hundreds digit of u?
1
Let b = 1957 - 5033. Let p = -1760 - b. What is the hundreds digit of p?
3
Let y = -25100 - -41386. What is the thousands digit of y?
6
Let r be (-6)/1 - (-2 - 6). Suppose -r*x = -x + 5*z - 64, 0 = 2*x + 3*z - 93. What is the units digit of x?
9
Suppose -39*l + 36*l = -36. Suppose -8*u + l*u = -8. What is the tens digit of (-300)/u + -3 - 2/1?
4
Suppose -8 = -2*u, 5*c + 1 = -3*u - 27. Let k = 142 + -72. Let d = c + k. What is the units digit of d?
2
Let q = -6 + 13. Let u(g) = -15*g**3 + 29*g**2 - 85*g - 4. Let a(r) = 7*r**3 - 14*r**2 + 39*r + 1. Let o(t) = -13*a(t) - 6*u(t). What is the tens digit of o(q)?
8
Let u = -457 - -762. Let r(h) = -h**2 - 13*h - 26. Let d be r(-10). Suppose 3*c - 196 = -d*p, -5*p + 2*c + u - 83 = 0. What is the units digit of p?
6
What is the thousands digit of (4/(-10) + 3165/225)/(1/1533)?
0
Suppose -5*t - 7 = v, -105 = 2*v - 2*t - 151. Suppose 0*o + v = 2*p - 2*o, p + o - 17 = 0. What is the units digit of p?
3
Let g(r) = -32*r - r**2 - 14 - 3 - 27 + 0*r**2. Let h = -16 - -3. What is the hundreds digit of g(h)?
2
Let v(p) be the third derivative of p**6/60 + p**5/20 - p**4/2 - p**3 + 12*p**2. Let u be v(-5). What is the tens digit of -2 - u - (-2)/((-2)/(-3))?
2
Let k = -13453 + 25593. What is the hundreds digit of k?
1
Let m = -42 - -61. Suppose 13*k - m*k + 366 = 0. What is the tens digit of k?
6
Let y(m) = -m**3 + 3*m**2 + 5*m + 5. Let t be y(-3). What is the units digit of (t/(-8))/((2 + 2)/(-168))?
1
Let h = 15752 - 2819. What is the thousands digit of h?
2
Suppose 0 = 3*m - 2*k + 3 + 70, m = -2*k - 27. Let v be (m/(-10))/((-1)/2 - -1). Suppose 1182 - 322 = 5*i + v*s, s - 703 = -4*i. What is the tens digit of i?
7
Let k(v) = 15*v - 10. Let h be 5/2*12/15. Let d be k(h). Suppose -w - 17 = -4*c, -w - d = 3*w. What is the units digit of c?
3
Let q = -7069 + 8388. What is the units digit of q?
9
Suppose 4*h - 7*h = w - 3440, 5*h = -5*w + 5740. Suppose -f + 0*f = 3*l - 686, 5*l + f = h. What is the hundreds digit of l?
2
Let y = 1965 + 20437. What is the ten thousands digit of y?
2
Suppose 0 = t - 72*a + 73*a - 5438, -5*t = -5*a - 27220. What is the hundreds digit of t?
4
Let w(i) = 12*i**2 - 56*i + 5 - 10*i**2 - 56. Let n be w(29). Suppose -5*b + 62 = -3*a, 2*b = -2*a + n + 5. What is the tens digit of b?
1
Let p = 42874 + -24377. What is the tens digit of p?
9
Suppose o = 4*f + 3739, 2*o = -2*o - 5*f + 14914. What is the units digit of 1 + 1 - o/(28/(-4))?
5
Let n = 102365 + -71834. What is the thousands digit of n?
0
Let k be (10/(-6))/(14/(-42)). Suppose 0 = 3*x + k*c - 2293 - 1819, 5*x - 6880 = 5*c. What is the thousands digit of x?
1
Suppose -4*j + 40 = 3*l, -4*j + 3*j - l = -9. Let u be (j/26)/(1/(-36)). What is the tens digit of 39 + 1 + u/(-6)?
4
What is the hundreds digit of (-9 - -12)*1*((-110872)/3)/(-4)?
7
Let q(w) = w**2 - 6*w - 6. Let t be q(-3). Let r = -15 + t. Let c(g) = 23*g - 26. What is the units digit of c(r)?
2
Let c(g) be the second derivative of 55*g**3/3 + 37*g**2/2 - 30*g - 2. What is the hundreds digit of c(5)?
5
Suppose -d = -19*d + 20916. Suppose 13*r - 6*r - d = 0. What is the units digit of r?
6
Let s = 51438 + -22574. What is the ten thousands digit of s?
2
Let h(a) = 4*a**2 + 18*a + 74. What is the thousands digit of h(29)?
3
Let k(u) = 12*u**3 - 2*u**2 + 3*u + 4. Let b be k(-1). Let w = b + 45. What is the units digit of w?
2
Suppose 9 = -4*h + 3*y - 9, 3*y = 3*h + 15. Let p be (h - 206)/(1/2*1). Let i = p - -603. What is the tens digit of i?
8
Suppose -6*d + 29 = -157. Suppose -29*b + d*b = -52. Let n = b - -40. What is the units digit of n?
4
Let f = -421 + 402. Let r(b) = b**3 + 20*b**2 - 17*b + 32. What is the units digit of r(f)?
6
Suppose r - 423 = 5*q, q + 242 = r - 169. Suppose -2800 = 11*v - 21*v. Let t = r - v. What is the tens digit of t?
2
Suppose -5*y - n - 301 = 0, 5*y + 331 = -5*n + 26. Let q = y + 64. Suppose q*p = 56 + 188. What is the tens digit of p?
6
Let u(r) = -22 + 13 + 7*r + 20. Let t be u(-2). What is the tens digit of t - -1*(-102)/(-2)?
4
Let m be 0/(-1)*(-75)/(-300). What is the hundreds digit of (m - 3/12)/((-2)/12136)?
5
Let t(k) = -2*k**2 - 28*k - 18. Let f be t(-13). Suppose 2*i - 4*i + f = 0, -y = i - 100. What is the units digit of y?
6
Suppose 190*c - 3029156 = -167153 + 2494097. What is the units digit of c?
0
Let i = 710 + -203. Suppose -504*d = -i*d + 2019. What is the tens digit of d?
7
Suppose 0*b = -3*b - 3. Let n(m) = -152*m - 3. What is the tens digit of n(b)?
4
Let f(s) = 7*s**2 - 11*s + 21. Let p be f(5). Let r = p - 112. What is the units digit of r?
9
Let c be (0 - 8/(-7))*49/14. Suppose 5*u + 5*a + 32 = 9097, c*a = u - 1803. What is the units digit of u?
1
Suppose -60*m - 14339260 = -320*m. What is the tens digit of m?
5
Let a(g) = g**3 + 2*g**2 - 3*g - 1. Let i be a(2). Suppose 4*c = -o + 5*c - 5, 0 = -3*c - i. What is the tens digit of o*(-124)/8 + -1?
2
Let f(z) = 52*z - 26. Let x be f(5). Suppose -4*n - x = -5*n. Suppose 4*p + 2*p = n. What is the units digit of p?
9
Suppose -5*t + 22 = 3*p, -3*p + 2*t = -0*t - 8. Let q be (-6)/(-1)*((-22)/6 + p). What is the tens digit of q/(-12) - 2849/(-66)?
4
Let q(s) = 7*s + 0*s + 5*s + 3*s. Let v(m) = -m**3 + 10*m**2 - 6*m - 21. Let x be v(9). What is the units digit of q(x)?
0
Let t = -268 - 230. Let f = 715 + t. What is the hundreds digit of f?
2
Let w(h) = 144*h**2 + 380*h + 14. What is the hundreds digit of w(-17)?
1
Suppose -11*l + 4*l = -6*l. Suppose l = 19*c - 20*c - 2, -a + 3*c + 456 = 0. What is the hundreds digit of a?
4
Let s be 1552/24 - (-4)/(-6). Suppose -43*v - 24192 = -s*v. What is the units digit of v?
2
Let b(r) = 1725*r - 1326. What is the ten thousands digit of b(20)?
3
Suppose -5*v + 21*v = -12*v + 43848. What is the units digit of v?
6
What is the thousands digit of 113162*(9/(-134 + 8) - 12/(-21))?
6
Let f = 1928 - -4882. What is the hundreds digit of f?
8
Let l = -588 - -542. What is the tens digit of (-28)/322 - (0 + 3224/l)?
7
Suppose -1292899 - 5610240 = -230*k - 992599. What is the hundreds digit of k?
6
Let w = -2654 - -12390. What is the tens digit of w?
3
Let s = -4526 - -6876. Suppose 0 = -74*p + 72*p + s. What is the units digit of p?
5
Suppose -36*m + 160983 + 31149 = 0. What is the tens digit of m?
3
What is the thousands digit of 3*(-7081)/(-1) + 96/((-72)/6)?
1
Let z be (-5 + 5 - -1599) + 2/2. Suppose z = 4*v - 4*l, 0 = -4*v + 8*l - 7*l + 1603. What is the hundreds digit of v?
4
Let o(l) = l**3 + 12*l**2 + 7*l + 579. What is the units digit of o(18)?
5
Let x(c) = 386*c**2 + 14*c + 5. What is the units digit of x(-4)?
5
Let a be 3*(-76)/(-28) + 1/(-7). Suppose a*f - 14*f = -2346. What is the units digit of f?
1
Suppose 0 = -177*f + 31*f - 40*f + 2617950. What is the thousands digit of f?
4
Suppose -13*c = -18*c + 15. Suppose -3*f = 5*m - 2802, 5*m = -0*m + c*f + 2808. What is the tens digit of m?
6
Suppose -9511 - 16739 = -15*k. Suppose k = o + 9*o. What is the hundreds digit of o?
1
Let u be ((-36)/30)/(6/(-20)). Let i be 24/4*u/6. Suppose 4 + 144 = i*q. What is the tens digit of q?
3
Let x(u) = 69*u - 9. Let v(g) = 4*g + 1.